ons digit of 26698052?
6
What is the units digit of 792902760?
0
What is the ten thousands digit of 1255776149?
7
What is the thousands digit of 2381727502?
7
What is the hundreds digit of 1964347490?
4
What is the millions digit of 79093709?
9
What is the hundreds digit of 7743157813?
8
What is the ten millions digit of 23387730?
2
What is the hundreds digit of 128819237?
2
What is the hundred thousands digit of 15244418?
2
What is the ten thousands digit of 110602106?
0
What is the hundreds digit of 1018688596?
5
What is the ten thousands digit of 5160243?
6
What is the hundred thousands digit of 133425252?
4
What is the units digit of 32693810?
0
What is the tens digit of 69790361?
6
What is the millions digit of 1919057500?
9
What is the hundred millions digit of 604616912?
6
What is the hundreds digit of 521781113?
1
What is the thousands digit of 90444940?
4
What is the hundreds digit of 298275?
2
What is the hundred thousands digit of 153377492?
3
What is the millions digit of 88266975?
8
What is the billions digit of 7163707638?
7
What is the millions digit of 13770571?
3
What is the hundred thousands digit of 18588088?
5
What is the tens digit of 530256312?
1
What is the hundred millions digit of 599310648?
5
What is the units digit of 5408358?
8
What is the ten thousands digit of 28049337?
4
What is the tens digit of 81774331?
3
What is the ten millions digit of 14346162?
1
What is the units digit of 23696864?
4
What is the units digit of 291783767?
7
What is the units digit of 220953980?
0
What is the units digit of 70950910?
0
What is the thousands digit of 31576794?
6
What is the millions digit of 8792214?
8
What is the hundreds digit of 102912019?
0
What is the ten millions digit of 102748955?
0
What is the thousands digit of 419447467?
7
What is the hundred thousands digit of 3330591?
3
What is the hundreds digit of 108174716?
7
What is the thousands digit of 2179164289?
4
What is the thousands digit of 2001770356?
0
What is the tens digit of 6213503738?
3
What is the millions digit of 66412643?
6
What is the thousands digit of 676891115?
1
What is the hundreds digit of 722128338?
3
What is the ten millions digit of 6111741955?
1
What is the ten millions digit of 203242999?
0
What is the millions digit of 202806623?
2
What is the tens digit of 23580786?
8
What is the tens digit of 1974664869?
6
What is the hundreds digit of 66491353?
3
What is the hundred thousands digit of 1212120628?
1
What is the hundred thousands digit of 289620171?
6
What is the hundreds digit of 568350461?
4
What is the ten thousands digit of 94773619?
7
What is the units digit of 260371838?
8
What is the units digit of 163892198?
8
What is the ten millions digit of 510859894?
1
What is the millions digit of 969997491?
9
What is the tens digit of 305946096?
9
What is the thousands digit of 344891826?
1
What is the ten thousands digit of 102123753?
2
What is the hundred millions digit of 757994022?
7
What is the millions digit of 1941056666?
1
What is the hundred millions digit of 199620203?
1
What is the thousands digit of 1521826668?
6
What is the units digit of 473051027?
7
What is the hundreds digit of 228261325?
3
What is the millions digit of 43606424?
3
What is the thousands digit of 3859724531?
4
What is the ten thousands digit of 3210721055?
2
What is the tens digit of 178960966?
6
What is the tens digit of 48089939?
3
What is the hundred millions digit of 2414033735?
4
What is the tens digit of 496539814?
1
What is the millions digit of 5527590844?
7
What is the hundred thousands digit of 111695304?
6
What is the ten thousands digit of 2591399897?
9
What is the ten millions digit of 718435798?
1
What is the ten millions digit of 164223321?
6
What is the units digit of 32135329?
9
What is the ten millions digit of 549595252?
4
What is the thousands digit of 1219378262?
8
What is the ten thousands digit of 592297280?
9
What is the units digit of 12475730?
0
What is the tens digit of 3532039987?
8
What is the units digit of 5206381588?
8
What is the units digit of 258831617?
7
What is the ten millions digit of 167456815?
6
What is the hundred thousands digit of 455849089?
8
What is the hundreds digit of 1031632889?
8
What is the units digit of 137533511?
1
What is the ten thousands digit of 866822001?
2
What is the ten thousands digit of 59640686?
4
What is the thousands digit of 408440751?
0
What is the ten millions digit of 49117633?
4
What is the ten thousands digit of 19579250?
7
What is the tens digit of 47495912?
1
What is the units digit of 92573149?
9
What is the units digit of 1903957346?
6
What is the ten millions digit of 93667107?
9
What is the ten thousands digit of 14739392?
3
What is the tens digit of 1087252023?
2
What is the billions digit of 1039451195?
1
What is the hundreds digit of 159889413?
4
What is the units digit of 7123768?
8
What is the ten millions digit of 24147109?
2
What is the hundred thousands digit of 238925097?
9
What is the tens digit of 4350254239?
3
What is the hundreds digit of 10402723?
7
What is the hundred thousands digit of 3561897190?
8
What is the units digit of 92462115?
5
What is the hundreds digit of 34938330?
3
What is the millions digit of 476865039?
6
What is the thousands digit of 1766569554?
9
What is the ten thousands digit of 349512061?
1
What is the hundreds digit of 39630921?
9
What is the millions digit of 2500982571?
0
What is the ten millions digit of 42915434?
4
What is the thousands digit of 1334303851?
3
What is the tens digit of 262395046?
4
What is the millions digit of 956163980?
6
What is the hundreds digit of 41877637?
6
What is the ten millions digit of 2091471631?
9
What is the hundred millions digit of 1519645803?
5
What is the tens digit of 981508231?
3
What is the thousands digit of 133144304?
4
What is the ten millions digit of 52863636?
5
What is the units digit of 1825338965?
5
What is the ten thousands digit of 13289771?
8
What is the hundred millions digit of 123355734?
1
What is the thousands digit of 7297253?
7
What is the hundreds digit of 1685885235?
2
What is the ten thousands digit of 55295887?
9
What is the thousands digit of 56732369?
2
What is the hundred thousands digit of 745507235?
5
What is the ten millions digit of 816452960?
1
What is the hundreds digit of 6955101?
1
What is the tens digit of 292198661?
6
What is the hundred thousands digit of 270518195?
5
What is the units digit of 1119282393?
3
What is the units digit of 303961154?
4
What is the units digit of 1238520521?
1
What is the billions digit of 2064372813?
2
What is the thousands digit of 1950405799?
5
What is the millions digit of 84923142?
4
What is the thousands digit of 2020529919?
9
What is the thousands digit of 745540409?
0
What is the hundred thousands digit of 63620326?
6
What is the hundreds digit of 746972037?
0
What is the hundred thousands digit of 23312500?
3
What is the hundred thousands digit of 1129662992?
6
What is the hundred thousands digit of 1311225316?
2
What is the hundred thousands digit of 1074400930?
4
What is the millions digit of 8054024?
8
What is the ten millions digit of 1047029234?
4
What is the hundreds digit of 1334420353?
3
What is the ten thousands digit of 44108992?
0
What is the hundred millions digit of 2948176973?
9
What is the hundreds digit of 32772392?
3
What is the hundred thousands digit of 52271552?
2
What is the hundred thousands digit of 66900329?
9
What is the thousands digit of 54367763?
7
What is the millions digit of 1838631416?
8
What is the hundred millions digit of 850243041?
8
What is the millions digit of 324431376?
4
What is the tens digit of 581886783?
8
What is the ten thousands digit of 1951359712?
5
What is the hundred thousands digit of 3766764?
7
What is the ten thousands digit of 44784468?
8
What is the ten thousands digit of 103762920?
6
What is the ten millions digit of 1445279733?
4
What is the thousands digit of 294741127?
1
What is the tens digit of 41477862?
6
What is the hundred thousands digit of 59318356?
3
What is the hundred thousands digit of 3037447?
0
What is the billions digit of 1034846686?
1
What is the ten millions digit of 114937768?
1
What is the units digit of 289689374?
4
What is the ten millions digit of 